 is divided by l?
14
What is the remainder when 700 is divided by (336/420)/((-3)/(-525))?
0
Let q = -25110 + 25825. What is the remainder when q is divided by 31?
2
Let d(m) = -16*m - 213. Let s be d(-8). Let t = -206 + 298. Let g = t + s. What is the remainder when 18 is divided by g?
4
Let s = -202 + 202. Suppose s = p + i + 2*i + 6, -3*p = -5*i - 52. What is the remainder when p is divided by 6?
3
Suppose 10*y + 685 - 3765 = 0. Suppose 11*h = 18*h - y. What is the remainder when 483 is divided by h?
43
Let p(o) = -69*o - 1476. Calculate the remainder when 1887 is divided by p(-22).
39
Suppose 61*k - 49*k - 300 = 0. Calculate the remainder when k is divided by (-1)/7 + 360/21 + -3.
11
Suppose 4*m + 105 = -39. Calculate the remainder when m/8*((-35)/9 - 1) is divided by 12.
10
Let w(q) = -3*q - 19. Let n be w(-5). Let a = -3 + 7. What is the remainder when 16 + -3 + (-12)/n is divided by a?
0
Let w(y) = -20*y - 14. Let s = 108 + -85. What is the remainder when w(-5) is divided by s?
17
Let i(s) = -s**2 + 5*s. Let q be i(4). Suppose -5*l = -c - 793, -c = c - q. What is the remainder when l is divided by 17?
6
Suppose 143*l - 294 = 136*l. Suppose -22*v = -5*v - 7072. Calculate the remainder when v is divided by l.
38
Suppose -3*b + 755 = t, -5*t + 15 + 10 = 0. Let p(a) = 2*a**2 + 4*a - 10. Calculate the remainder when b is divided by p(6).
78
Let i(f) = 75 + 64*f + 103*f - 144 - 117. What is the remainder when i(3) is divided by 18?
9
Let f = -3714 - -3817. Calculate the remainder when 200 is divided by f.
97
Suppose -67*x - 2604 = -71*x + b, -2*x + 1302 = -3*b. What is the remainder when x is divided by 10?
1
Suppose 0 = -0*n + 2*n - 90. Calculate the remainder when 59 is divided by n.
14
Suppose 65 = 5*w - 105. Suppose 4*r - 2*r = -4*m + 66, m = -4*r + w. What is the remainder when m is divided by 5?
4
Let s(x) = 3*x - 26. Let y(g) = -g**2. Let p(m) = s(m) - y(m). Let h(q) = -q**3 + 9*q**2 - 12. Let r be h(9). What is the remainder when p(r) is divided by 21?
19
Let t be ((-7)/21)/(3/(-54)). Suppose k + 2*p = 14, t*k + 2 = 4*k + 2*p. What is the remainder when 18 is divided by k?
2
Suppose -5*h = 4*n - 1, -3*n = -0*n + 4*h - 2. Calculate the remainder when (-124)/n - (-1)/3 is divided by (-356)/(-32) - (-12 + 9)/(-24).
10
Suppose 0 = 2*f - 3*l - 1802, -2*f + 86*l + 1810 = 85*l. What is the remainder when f is divided by 16?
11
Suppose -24*j - 9088 = -66*j - 100*j. Calculate the remainder when 85 is divided by j.
21
Let x(c) = 56*c - 5. Let r be x(1). Suppose r*a + 315 = 54*a. Let o = a + -63. What is the remainder when o is divided by 22?
20
Let v be 3 + (-5 - (-1 + -3)). Suppose -v*l + 5*h + 45 = 0, -4*h = 4*l - 3*l - 16. What is the remainder when l is divided by 1 - (2 - 12 - -3)?
4
Suppose -4*w + 184 = 2*n - 54, 5*n - 139 = -2*w. Let j be 36*-1 + 4*3/4. What is the remainder when w is divided by -2 + -6*j/9?
17
Let l(m) = -m**2 - 52*m - 622. What is the remainder when 429 is divided by l(-22)?
11
Let p(o) = 3*o**3 - 232*o**2 + 80*o - 192. Suppose -159 = -y + 5*x, -5*y - 3*x + 747 = -4*x. Calculate the remainder when y is divided by p(77).
32
Suppose 20*h - 16*h = 108. Let j(i) = -5 + 3*i + 2 + 6*i - 12. Calculate the remainder when j(9) is divided by h.
12
Let t(f) = -3*f - 5. Suppose -4*a + 24 = -z, -3*a + 0 + 11 = z. Suppose -g + 10 = g. What is the remainder when t(z) is divided by g?
2
Suppose -15*w = -93*w + 300846. Calculate the remainder when w is divided by 20.
17
Let u be (2/4)/((-31)/(-62)). Suppose x - o = 10, 30 - 10 = 3*x - 5*o. What is the remainder when (1/(-2) + u)/(70/2940) is divided by x?
6
Let c be 3 - 5/(0 + -5). Let x be ((-16)/(-1))/4 - c. Suppose 3*d - 63 = 3*u, x*u - 30 = -d + 4*u. What is the remainder when 50 is divided by d?
14
What is the remainder when 3/12 + (-99)/(-4) is divided by 104/442 - (-1085)/85?
12
Let r = -6 + 10. Suppose -r*o = 6 - 26. Suppose -o*n - 2*l + 46 = -32, -3*l - 3 = 0. What is the remainder when 43 is divided by n?
11
Let u = 226 - 471. Suppose 3*m = -361 - 134. Let g = m - u. Calculate the remainder when g is divided by 9.
8
Let d = -15934 - -16201. What is the remainder when 821 is divided by d?
20
Let o = 2182 - 2061. What is the remainder when 127 is divided by o?
6
Suppose -3*r + 527 = -151. What is the remainder when r is divided by ((-16)/(-10))/(-8 + 762/95)?
74
Let k be 602/(-4) + 9 - 2/4. Let v = 38 - k. What is the remainder when v is divided by 13?
11
Let o(i) = i**3 + 5*i**2 - i - 2. Let a be (-6)/(-51) - 208/34. Let l be o(a). Calculate the remainder when 3 is divided by l/(-20) - 12/(-30).
1
Suppose 13*p + 933 - 2519 = 0. Suppose 0 = -p*g + 127*g - 85. What is the remainder when 96 is divided by g?
11
Let s = 4095 - 4094. What is the remainder when 46 is divided by s?
0
Suppose -2*y - 7111 = -3*p, -14*p + 4*y + 11855 = -9*p. Calculate the remainder when p is divided by 23.
21
Let b = 3638 - 3270. Calculate the remainder when b is divided by 126.
116
What is the remainder when -38 + 36950/60 + (-1)/(-6) is divided by 39?
32
Let j = 33577 + -28944. Calculate the remainder when j is divided by 14.
13
Suppose 0*z - 3 = -3*z, 2*g - 5*z = 81. Suppose -23440 + 2540 = -1900*i. What is the remainder when g is divided by i?
10
Let f be (4 - -1)*(-30)/(-50). Suppose f*g = -2*g + 205. Let y = -11 + 26. Calculate the remainder when g is divided by y.
11
Let p be 0 + (-6)/(-27) + (-48)/(-27). Suppose -p*y + 179 = 137. Let q(j) = 4*j - 61. Calculate the remainder when q(y) is divided by 4.
3
Let f(k) = 6*k**2 - 83*k + 226. Calculate the remainder when f(13) is divided by (11 + (-1 - -1))*3.
29
Suppose -2*q + 3*d = -2, 3*q - 25 = -0*d - d. Let b be 4/(-14) + (q - (-38)/(-14)). What is the remainder when 9 is divided by b/16 - (-27)/4?
2
Suppose -86 = 8*o - 230. Suppose 3 - 7 = -3*b + 2*c, 2*b = 2*c + 2. What is the remainder when b/9 + (-3)/(-54)*626 is divided by o?
17
What is the remainder when (-54)/(-10)*61380/297 is divided by 94?
82
Suppose 6*c = 3*c + 81. Let h = 249441 + -249363. Calculate the remainder when h is divided by c.
24
Let o(x) = -27*x - 239. Let m be o(-9). Calculate the remainder when 566 is divided by (6/(-6))/((-3 + m)/(-71)).
69
Let w be (-402)/3 + 1*2. Calculate the remainder when 121 is divided by w*(-15)/80 - 1/(-4).
21
Suppose 0 = 5*v - 9 - 376. Suppose -23552 = -610*b - 1592. What is the remainder when v is divided by b?
5
Suppose -73*h = -71*h - 2. What is the remainder when 61 is divided by (-2 + 4 - h)*7?
5
Let j(v) = -v**3 + 11*v**2 - 18*v + 12. Let t be j(9). Suppose t*q - 25 = 10*q + c, 80 = 5*q + c. Calculate the remainder when 117 is divided by q.
12
Let m(t) = -2*t + 11. Let c be m(-10). Let f = c - 29. Suppose -f*u + 4*u - 2*j = 32, 4*j - 8 = 0. What is the remainder when u is divided by 10?
8
Suppose -24*m - 20 = -23*m. Calculate the remainder when 32 is divided by 3/((2 - 5) + (-63)/m).
12
Suppose 1104*i - 1113*i = -387. Let l be (-6 + 3)*(-4)/(-3). Calculate the remainder when i is divided by (l/(-6))/(4/102).
9
Suppose 5*j = 5*z + j - 777, 4*j = z - 165. Let w(i) = 1073*i - 1030. What is the remainder when z is divided by w(1)?
24
Let q(k) = 2 + 37*k + 33*k + 35*k - 104*k + 48*k**2. Let f be q(-2). Suppose 0 = 4*a - f - 60. Calculate the remainder when a is divided by 16.
15
Let k = -12 - -24. Suppose -631 = -4*m + 69. Suppose m = k*z - 7*z. What is the remainder when z is divided by 18?
17
Suppose -11*w + 456 = 46*w. Calculate the remainder when 4271 is divided by w.
7
Let s = 22 + -78. Let m = -53 - s. Suppose 10 = 8*a - m*a. What is the remainder when 4 is divided by a?
0
Calculate the remainder when (10 + -7)/27 - 377/(-9) is divided by 7.
0
Suppose 7*a + 18 - 186 = 0. Suppose 5*p - a + 4 = 0. Suppose 5*m + 30 = 5*x, -x + 5 + p = -4*m. What is the remainder when 5 is divided by x?
0
Let b be (6 + 1 + -5)/(1/10). Suppose 2*p + k = 38 + b, 2*p - 66 = -3*k. What is the remainder when 39 is divided by p?
12
Let h = 18 + 42. Let m(d) = 2*d**2 - 30*d - 89. What is the remainder when h is divided by m(18)?
3
Let n(l) = 439*l + 30 - 880*l + 440*l. What is the remainder when 153 is divided by n(-9)?
36
Let w(f) = -f**3 + 52*f**2 - 139*f - 34. What is the remainder when w(45) is divided by 58?
56
Suppose 0 = 3*n - 2*a - 38, -n - 5*a + 3 = -4. Le